t i(a) = 3*h(a) + 4*k(a). Let l be (2/4)/((-2)/(-4)). Calculate i(l).
5
Let x(t) = -3*t**2 + 3*t + 6. Let u(v) = -6*v**2 + 7*v + 13. Let f(j) = -4*u(j) + 9*x(j). Determine f(-2).
-8
Let c(o) be the second derivative of -o**3/6 + 5*o**2/2 - 43*o. What is c(0)?
5
Let h be -7 - 8/4 - -1. Let p be ((-2)/h)/((-5)/(-20)). Let x(f) = 11*f. Let b(a) = -16*a. Let c(m) = 5*b(m) + 7*x(m). Give c(p).
-3
Let h(i) = i**2 + 5*i + 2. Suppose 5*z - 4 = 21. Suppose -n + 4*a + 5 = 0, z*a = -n + 4*n - 15. Suppose 26 = -n*s + 6. Give h(s).
-2
Let p(j) = -7*j**3 + j**2. Let c be (0 + -2)*(-2)/(-16)*4. Determine p(c).
8
Let p(c) = c**2 + 6*c + 5. Suppose -3*d - 6 = 3. Let m(n) = -n**2 - 7*n - 6. Let w(l) = d*m(l) - 4*p(l). Give w(-4).
-6
Let g(q) be the second derivative of -q**4/4 + q**3/2 - 7*q**2/2 - 2*q. Let w(h) = -2*h**2 - h**2 + 2*h - 6 + h. Let y(i) = -5*g(i) + 6*w(i). Calculate y(2).
-7
Let b(y) be the first derivative of 11*y**5/120 + y**4/24 + 2*y**3/3 - 3. Let o(w) be the third derivative of b(w). Give o(-1).
-10
Suppose -4*k = -3*m + 19, -40*m = -36*m - 3*k - 23. Let j(n) = 4*n**2 - 3*n**2 + 0*n**2 - 2 - 3*n. Give j(m).
8
Let l(o) = o. Let s(w) = 3*w + 8. Let m(k) = 4*l(k) - s(k). Determine m(7).
-1
Let j(t) = -5*t. Suppose 0 = a + 3 - 5. What is j(a)?
-10
Let j(i) = 2*i + 8. Let c(d) = -3*d - 9. Let a(b) = 3*c(b) + 4*j(b). Let v be a(8). Let n(h) = h**3 + 3*h**2 - 2*h + 1. What is n(v)?
7
Suppose -5*c - 2*l = -8*c + 8, c + 3*l - 21 = 0. Let y(n) = -n**3 + 7*n**2 - 5*n + 6. Give y(c).
12
Let t(j) = 2*j**2 - 6*j + 7. Let w(l) = -l**2 + l - 1. Let b(k) = -t(k) - 4*w(k). Give b(2).
9
Suppose -n + 11 = -1. Let x(k) = n + k**2 - 13 - 2*k**2. What is x(-2)?
-5
Let n(a) = -2 - a + 28*a**2 + 3*a + 1 - 38*a**2. Calculate n(1).
-9
Let v = -20 - -14. Let j(r) = r**3 - 6*r**2 - 2*r**3 + 285 - 287. Determine j(v).
-2
Let o be ((-8)/4 - -2)*(3 - 2). Suppose 2*b = 2*k + b + 5, 0 = 3*b - 15. Let c(q) = k + 6 + 1 - q + o*q. Determine c(6).
1
Suppose 5*w + 4 = -1. Let n(a) = -a. What is n(w)?
1
Suppose -4*x + 9*x - 60 = 0. Suppose 3*s + x = 6*s. Let a(g) = -3*g + g**2 + 5 - 2*g - g. What is a(s)?
-3
Let p be 1/(-2)*-4 - -2. Suppose -f = f - 6. Let s(a) = 3*a**2 + a + a + 0*a**3 + 3 - a**f. What is s(p)?
-5
Let u be 3/12 - 1/4. Suppose -15 = -5*k - u*k. Let r(v) be the third derivative of v**5/60 - v**4/12 - 2*v**3/3 - 5*v**2. Determine r(k).
-1
Let d(t) be the second derivative of t**4/12 - 7*t**3/6 + 3*t**2 + 13*t. Determine d(7).
6
Suppose 4*c = -2*c + 24. Let a(l) be the third derivative of 1/15*l**5 + 0*l**4 + 0*l**3 + 0 - c*l**2 + 0*l. What is a(1)?
4
Let p(z) = z**3 + 2*z**2 - z + 1. Suppose 3*d + 2*t = 6, t = -3*d - 0 + 6. Suppose -5*l - d = 8. Determine p(l).
3
Let u be ((-2)/(-2))/((-8)/(-56)). Let z be ((-56)/u)/(-2 - 0). Let l(i) = i**3 - 4*i**2 + 4. Give l(z).
4
Let n(l) = -l + 1. Let q(a) = -a**3 - 12*a**2 - 12*a - 5. Let v be q(-11). Determine n(v).
-5
Let u = 88 + -77. Let i(a) = -a**3 + 12*a**2 - 13*a + 14. Calculate i(u).
-8
Let f(s) = 2*s + 1 + 2*s - 5*s. Suppose 3*w = -4*t - 31, -5*t = -t + 2*w + 26. Calculate f(t).
5
Let l(h) be the first derivative of h**3/3 - 2*h**2 + 5*h + 13. What is l(5)?
10
Suppose -8 = i - 5*i. Let g(b) = -b**3 - b**2 - 1. Let a(k) = k - 2*k**3 + 3*k - 4 - 4*k**2 + k**3. Let s(t) = -a(t) + 2*g(t). What is s(i)?
-6
Let i(n) = -2*n + 4 + 7*n + n - n**2. Let z = 376 + -370. What is i(z)?
4
Let n(p) be the second derivative of -p**5/20 - p**4/12 + 24*p. Let w be (4/(-10))/((-1)/(-5)). Determine n(w).
4
Let z(m) = -m - 6. Suppose -6*d + 24 = -2*d. Let x be (0 - -5)*(d - 7). What is z(x)?
-1
Let i(t) be the third derivative of -t**6/120 + t**5/10 - t**3/6 + 18*t**2. Calculate i(6).
-1
Suppose 4*o + 2*t - 147 = -t, 0 = 4*o + 5*t - 141. Suppose -5*r + 4*h - 2 + o = 0, -5*h + 10 = 5*r. Let z(l) = l**2 - 4*l - 5. What is z(r)?
0
Let w(g) = -2*g**2 + 202*g**3 - g + g**2 - 1 - 2*g**2 - 201*g**3. Calculate w(3).
-4
Suppose -5*n + 3*k = 4*k - 52, -3*k = -3*n + 42. Suppose -3*d - 5*u = n, -d - 5*u - 7 - 10 = 0. Let h(z) = 2*z + 1. Determine h(d).
7
Let y(m) be the first derivative of m**5/60 + 5*m**4/24 - 2*m**3/3 + m**2 + 1. Let x(i) be the second derivative of y(i). Give x(-5).
-4
Let z(m) = -3*m - 5. Let w be (-3 + (-4 - -17))/(-2). Determine z(w).
10
Let h(t) be the first derivative of -t**4/4 + 2*t**3/3 - t**2 - t + 6. What is h(-2)?
19
Let o = -2 - -5. Let t(l) = l**2 + 0 + o*l - 2 + 0*l**2. Let i be 2/8 + 14/8. Determine t(i).
8
Let a(i) = i + 0*i - 1 + i**2 + 2*i - 2*i**2. Let j be (-1)/(1/(-3)*1). Suppose -x - j*x = -16. Give a(x).
-5
Let i(s) be the first derivative of 17*s**3/3 + s**2/2 - 3. What is i(-1)?
16
Let a(v) = -v**3 + 3*v**2. Suppose 0 = h - 3. Determine a(h).
0
Let w = 0 + 2. Let d(z) = 5*z**2 - 539 + 540 - 3*z**2. Give d(w).
9
Suppose 2*t - 1 = 3*l, 5*l + 6*t - 3*t = 30. Let c(m) = 3*m**2 - 3*m - 3. What is c(l)?
15
Let j(a) = a**2 - 3*a - 3. Suppose -24 = -3*h + h. Let b = -8 + h. Give j(b).
1
Let s be (-39)/9 + 3 + (-26)/(-6). Let d(t) = t**3 - 3*t**2 - 3*t - 1. Determine d(s).
-10
Suppose 88 = -0*g + 2*g. Suppose -4*z = -5*a + 9 - g, -11 = 2*a - z. Let s(m) = 2*m + 1. Determine s(a).
-5
Let y(a) = -a + 1. Suppose 3*q - k = 31, -q + 8 = 4*k - 2*k. What is y(q)?
-9
Let g(y) = y**3 - 2*y**2 - y. Suppose -4*c + 45 = -c. Suppose -5*a + 5*f = -c, -1 - 11 = -4*a - 3*f. What is g(a)?
6
Let h(g) be the first derivative of -g**6/120 - g**5/20 + g**4/8 + g**3/2 + g**2 + 2. Let r(c) be the second derivative of h(c). Calculate r(-2).
-7
Let y(w) = 14*w + 9. Suppose 45 = 3*i + 2*z, -8*i + 3*i + 5*z = -100. Let b(l) = 5*l + 3. Let u(s) = i*b(s) - 6*y(s). Give u(3).
0
Let b(f) be the second derivative of f**5/120 - f**4/8 + f**3/3 - 3*f. Let i(w) be the second derivative of b(w). Calculate i(4).
1
Let n(m) = -2*m - 1. Let h(s) = -2*s - 1. Let z(i) = -4*h(i) + 3*n(i). Let b(f) = 4*f - 4. Let g be b(5). Let v = 19 - g. Calculate z(v).
7
Let w(v) = -v**3 - 4*v**2 - v + 2. Let m be w(-3). Suppose 2*x = -3*k + 3 + 3, 0 = -x + k + 8. Let z(h) = -2*h + x*h - 6*h + 1 + 3. What is z(m)?
12
Let r(m) be the first derivative of 2*m + 3 + 1/2*m**2. Let g be (7 - 5)*(-10)/(-4). Calculate r(g).
7
Let o(j) = -j**3 + 7*j**2 + 8*j - 12. Let u(k) = k**3 - 7*k**2 - 8*k + 12. Let x(y) = -4*o(y) - 3*u(y). Give x(8).
12
Let s be -8*(-4)/112 - (-10)/14. Let b(g) = 4*g - 1. Determine b(s).
3
Let g(o) = -6*o**3 - 10*o**2 - 26*o - 16. Let j(r) = -r**3 - 2*r**2 - 5*r - 3. Let t(n) = 2*g(n) - 11*j(n). Determine t(-2).
11
Let j(d) = -d**2 + d + 1. Let b be j(-2). Let q(n) = n**2 + 7*n + 2. What is q(b)?
-8
Let i(m) = 13 - 8 - 6*m + m**3 - m**2 + 6*m**2 + 0*m**2. What is i(-6)?
5
Suppose 3*h + 61 = 6*h + 5*j, -5*h + 5*j = -35. Suppose 4*k = -0 + h. Let t(m) = -5 - 2 - 2*m + 4 + k*m. What is t(4)?
1
Let h(o) = -o**2 + 1. Let r be (1/3)/((-6)/(-54)). Suppose -7*t = -r*t. Give h(t).
1
Let f(r) = -4*r**3 + 4*r**2 - 3*r - 8. Let s be -2 - (-7 + (-6)/(-3)). Let p(d) = 5*d**3 - 5*d**2 + 4*d + 9. Let w(k) = s*p(k) + 4*f(k). Calculate w(0).
-5
Let j(u) = 7*u + 1. Let p(g) = 7*g + 1. Let k(o) = 2*j(o) - 3*p(o). Let c = 50 + -51. What is k(c)?
6
Let z(h) = -2*h**2 + 4*h + 3. Let i(x) = -2*x**2 + 3*x + 2. Let c(p) = -5*i(p) + 4*z(p). Let g(f) be the first derivative of c(f). What is g(-1)?
-3
Let c(y) be the second derivative of y**6/40 - y**5/60 + y**4/24 + 3*y**2/2 + 3*y. Let g(d) be the first derivative of c(d). Give g(1).
3
Let k(r) = -r**2 - 6. Let u = -10 - -17. Let o = u - 7. Determine k(o).
-6
Suppose -3*k + 5*y - 11 - 2 = 0, 0 = y - 5. Let c(j) = 2*j - k - j + 0 + 0*j. Let v(a) = a + 1. Let h be v(2). Calculate c(h).
-1
Let h(d) = -d + 4. Let s be (72/(-12))/(6/(-4)). Let q(g) = -g + 11. Let t be q(8). Suppose s*j = t*j + 3. What is h(j)?
1
Suppose 2*l - 6 = -c, 4*c = c. Suppose -l = -5*x - r + 11, 8 = 2*r. Let s(q) be the third derivative of -q**5/30 - q**4/12 + q**3/3 + q**2. Give s(x).
-10
Let c(f) = -f**2 + 4*f - 8. Let q(k) = 1. Let y be 9/(0 - 3) + 2. Let n(r) = y*c(r) - 5*q(r). Calculate n(2).
-1
Let i be 1*(4 + 4 + -4). Let s(l) = 5*l - 4. Determine s(i).
16
Let r(i) = i**3 + i + 2. Let w be r(0). Let p(d) = -2*d**2 + 3*d. What is p(w)?
-2
Let x(b) = 4*b - 5. Let j(t) = -t**3 + 5*t**2 - 6*t + 5. Let q be j(3). Calculate x(q).
15
Let w(x) = -x**2 - 7. Su